ainder when -8*((-1)/s + -1) is divided by 2?
0
Let v(s) = -3*s + 6. Let x be v(4). Let b = x - -11. Suppose -5*o + k + 10 = -k, 6 = 3*o + k. What is the remainder when b is divided by o?
1
Let t = 1221 - 934. What is the remainder when t is divided by 73?
68
Suppose 0 = 596*q - 610*q + 5684. Calculate the remainder when q is divided by 8.
6
Let k = -22 + 22. Let t(b) = -b - 24 + k*b + 25. Calculate the remainder when 34 is divided by t(-8).
7
What is the remainder when 133 is divided by -3*(-55)/30 - (-5)/10?
1
Suppose 10*f + 15*f - 725 = 0. What is the remainder when 103 is divided by f?
16
Suppose -39 + 335 = 4*k. Let q(t) = t**2 - 2*t - 5. Suppose -c + 0*c - 4 = 0. What is the remainder when k is divided by q(c)?
17
Suppose -w + 47 = 2*j, 146 = 4*w - 4*j - 18. What is the remainder when w is divided by 9?
7
Let p = 533 - 390. Suppose o - 45 = -3*u, 0 = -5*o + 2*o - 9. Calculate the remainder when p is divided by u.
15
Suppose y = -4*t + 8, -y + 5*t = 2*y - 41. Suppose 6 = 2*b, 4*r + 3*b = b - 434. Let z = -53 - r. What is the remainder when z is divided by y?
9
Let k(v) = v**3 + 7*v**2 + 5*v + 4. Suppose -3*w + 14 = -4*x, -2*x - 1 = -3*x. Suppose 0 = -3*j - w + 45. Calculate the remainder when k(-3) is divided by j.
12
Let t(q) = 2*q + 10. Let s be t(-4). What is the remainder when (-640)/(-14) + s/7 is divided by 12?
10
Suppose -5*m - m = -42. Let n = 2 + m. What is the remainder when n is divided by 5?
4
Suppose -5*x + 4*o = -95 - 100, 53 = x + 2*o. What is the remainder when 128 is divided by x?
42
Let b(x) = -x**3 + 8*x**2 + 8. Let h = 1399 + -1354. Calculate the remainder when h is divided by b(8).
5
Suppose 6*j = 10 + 2. Suppose -12 = 4*a, j*a - 8 = 5*z - 24. Calculate the remainder when 15 is divided by z.
1
Calculate the remainder when 106 is divided by -6 + 0 + 54 - -6.
52
Let i = -35 - -65. Suppose -u = 2*u - i. What is the remainder when 38 is divided by u?
8
Let x(q) = 3*q**3 - 15 - 5*q - 2*q**3 + 18 + 2*q**2. Let z be x(-4). Let b(p) = -p**2 - 13*p - 2. What is the remainder when b(z) is divided by 9?
7
Suppose -4*s - 70 = o, s - 2*o = 2*o - 26. Let i = 25 + s. Suppose -30 - 24 = -3*d. What is the remainder when d is divided by i?
4
Let n be 1 + -1 + -5 + 77/(-7). Let d(w) be the third derivative of w**5/60 + 17*w**4/24 + 23*w**3/6 + w**2. What is the remainder when d(n) is divided by 5?
2
Let h(b) = b**2 + 12*b - 115. What is the remainder when 466 is divided by h(-19)?
16
Let f(m) = -m**2 + 2*m + 4. Let c be f(-2). What is the remainder when 15 is divided by 18/c*7/((-126)/24)?
3
Let y(x) = x**3 + 7*x**2 - 4*x + 2. Suppose 6*l + 30 = l. Let o be y(l). Suppose 6*u - 4*u = o. What is the remainder when u is divided by 11?
9
Let t(c) = -7*c + 4*c**2 - 9 - c**3 + 6*c - 9*c**2 - 7*c**2. Calculate the remainder when 5 is divided by t(-12).
2
Suppose -y + 6 = 3, 5*y = -3*n + 96. Calculate the remainder when 104 is divided by n.
23
Calculate the remainder when (-2)/(-5) - ((-459)/15 - 4) is divided by (-6 + -9)/(9/(-6)).
5
Let j(n) = -n**3 + 28*n**2 - 26*n - 6. What is the remainder when 80 is divided by j(27)?
17
Let k = 18 + -30. Let w be (-2)/3 + (-308)/k. Suppose -w = -4*d + 31. What is the remainder when 39 is divided by d?
11
Let d(w) = -w**2 - 8*w + 4. Suppose 0 = -4*s + 18 + 2. Let a be s/(20/(-8)) - 3. What is the remainder when d(a) is divided by 7?
5
Let z(d) = -d**2 - 3*d + 1. Let f be z(-3). Let l = 13 + -16. Calculate the remainder when 31 is divided by ((-102)/18)/(f/l).
14
Let r(s) be the second derivative of -2*s**3/3 + s**2 + 11*s. What is the remainder when 67 is divided by r(-3)?
11
Let l(x) be the first derivative of -x**2/2 + 3*x + 1. Suppose -5*o + 2*o = -2*f + 20, o + f = -15. What is the remainder when l(o) is divided by 5?
3
Let q = 71 - 155. Calculate the remainder when 1/(2*(-2)/q) is divided by ((-14)/(-6)*12 - 6)/2.
10
Suppose -5*t + 4*f + 15 = -2*t, 4*t + 5*f - 20 = 0. Calculate the remainder when 16 is divided by t.
1
Let q = 405 + -264. Calculate the remainder when q is divided by 24.
21
Let g(o) = -o**2 + 9*o - 13. What is the remainder when 50 is divided by g(5)?
1
Let c(s) = -s**2 - 17*s + 6. Let g be c(-14). Suppose -4*p = -116 - g. Calculate the remainder when p is divided by 23.
18
Let z = -330 + 357. What is the remainder when z is divided by 10?
7
Let v = 29 + -19. What is the remainder when (-8)/2 + (-2 + 4 - -40) is divided by v?
8
Suppose -5*c = 3*p - 914, -2*c + 7*c = 20. What is the remainder when p is divided by 78?
64
Suppose -3*f - 2*c + 9 = -5, -2*f + 2*c = -16. Suppose 0 = -f*d + 26 + 28. Calculate the remainder when 17 is divided by d.
8
Let q be 2/10 + 12/(-60). Let c be (-69)/(-15) - (-2)/5. Suppose q*b - c*b = -25. Calculate the remainder when 17 is divided by b.
2
What is the remainder when (7 - 8) + 6 + 197 is divided by 34?
32
Let s = -7 - 1. Let d(j) = -2*j**2 - 15*j + 12. What is the remainder when 14 is divided by d(s)?
2
Suppose 2*r = -2*q - 4, -2*q - r - 10 = 3*r. Let x be 0 + 1 + (-4)/q. Let c = 7 + x. What is the remainder when 15 is divided by c?
3
Suppose 26*a - 24*a - 36 = -4*u, u = 5*a - 112. Let c be (-2 - -2)/(-1) + 2. Suppose c*k - 16 = -0*k. What is the remainder when a is divided by k?
6
Let x(b) = -b**3 - 4*b**2 + 6. Let s be x(-3). What is the remainder when s*4/12 - (1 + -79) is divided by 13?
12
Suppose 562 = 4*p + 2*z, -3*p + 5*p + 3*z = 275. Calculate the remainder when p is divided by 37.
31
Suppose -10*v - 306 + 776 = 0. Suppose -76 + 354 = 2*k. What is the remainder when k is divided by v?
45
Suppose 3*z - 3 = -0*z. Let i(b) = 7*b + 1. Suppose -3*p - 5*j = 2*p - 135, 0 = -3*p + 4*j + 102. What is the remainder when p is divided by i(z)?
6
What is the remainder when 4/12*(-14 - 1)*-79 is divided by 16?
11
Let v(z) = z**3 - 4*z + 1. Let i be v(3). Let h = i + -11. Suppose 96 = h*c + 6. Calculate the remainder when c is divided by 11.
7
Calculate the remainder when 2616 is divided by (-1 - (-87)/2)/((-1730)/(-1384)).
32
Let l(d) = -d**3 - 12*d**2 - 5*d - 26. Suppose -a + 201 = 2*a. What is the remainder when a is divided by l(-12)?
33
Let u be ((-4)/6)/(1*2/(-6)). Suppose -168 = -3*o + m, u*o - 99 = -0*m + 5*m. What is the remainder when o is divided by 15?
12
Suppose 4*q + 0*q - 8 = 0, -304 = 5*r + 3*q. Let z = r - -87. What is the remainder when z is divided by (-22 + 1)*(-4)/6?
11
Suppose 3*t + k = 649, -t + 2*k + 65 = -149. Calculate the remainder when t is divided by 20.
16
Let y(i) be the second derivative of -i**3/6 + 7*i**2/2 + 5*i. Let l be y(-5). What is the remainder when 2*(-34)/l*-3 is divided by 9?
8
Let u(l) = -14*l**2 + 10*l + 7. Let t be u(5). Let m = -191 - t. What is the remainder when m is divided by 35?
32
Let q = 14 + -9. Suppose q = -3*f - c + 14, -5*f - 3*c + 19 = 0. Suppose -10 = -2*d - f. Calculate the remainder when d is divided by 2.
0
What is the remainder when (2 - 3) + (1 - (-500)/4) is divided by 12?
5
What is the remainder when 5 - (-10 + 6 - 240) is divided by 21?
18
Let u(w) = 5*w + 218. Let i(h) = h**2 + 2*h + 6. Calculate the remainder when u(-39) is divided by i(-4).
9
Suppose 220 = 3*l - 239. Calculate the remainder when l is divided by 63669/2052 - (-1)/(-36).
29
Let q(n) = 18*n - 56. What is the remainder when q(4) is divided by 9?
7
What is the remainder when 115 is divided by (2/(-4)*4)/((-38)/1159)?
54
Suppose -j + 347 = 3*m + 3*j, -5*j - 122 = -m. Calculate the remainder when m is divided by 15.
12
Suppose -73 = -2*t + 18*k - 13*k, -t + 33 = k. Let g(x) = 2*x + 2. Calculate the remainder when t is divided by g(5).
10
Let z(q) = -q**3 - 3*q**2 + 11*q - 2. Let b be z(-6). Let m = 57 - b. Calculate the remainder when 65 is divided by m.
14
Calculate the remainder when 2*(2/4 + (-7 - -143)) is divided by 23.
20
Let j = -4 - -2. Let l be (-3 - -7)*(-19)/j. Suppose -57 = -3*h + 4*a + a, -2*h - a = -l. Calculate the remainder when h is divided by 4.
3
Let z = -159 + 255. Suppose 0 = 4*t + 4*f - 68, 5*f - 7 = -22. What is the remainder when z is divided by t?
16
Suppose 2*u - 3*a = 3*u - 24, 4*u - 85 = -a. Let o be (-220)/(-6)*(30/25)/(-1). Let s = 55 + o. Calculate the remainder when u is divided by s.
10
Let d = -499 - -521. Calculate the remainder when 371 is divided by d.
19
Suppose 3*s - 79 = -1. Suppose -2*